 = 4*m. What is the greatest common factor of m and n?
14
Let o(i) = 10*i**2 + 17*i - 37. Let q be o(2). Let t = -4 - -5. Suppose 0 = -w + 3*x + q - t, x = w - 40. What is the highest common divisor of w and 21?
21
Let c(p) = p**2 - 94*p + 1293. Let w be c(81). What is the greatest common divisor of 48 and w?
48
Suppose 2*p + 66 - 70 = 0. Suppose -4*k + 55 = p*y - 47, 0 = k - y - 27. Let x = -25 + k. Calculate the highest common divisor of x and 3.
1
Suppose 0*m = -q - 5*m - 20, -3*m = 5*q - 10. Let t = q + 23. Let j = -153 - -160. Calculate the highest common divisor of j and t.
7
Let a = 3284 + -2687. What is the highest common divisor of 1592 and a?
199
Let h be ((-44)/24)/((-7)/2058). Let z be (1/(-2))/(7/(-84)). Let o(g) = 2*g**2 - 5*g + 7. Let q be o(z). What is the greatest common factor of h and q?
49
Let j = -96 + 95. Let c be -7 + 11 - (-5 - j)*24. What is the greatest common factor of c and 20?
20
Let j = 179 - 134. Suppose 2*a - j = -33. What is the greatest common divisor of a and 222?
6
Let a = -2 + 4. Suppose 5*u + 2*i = -130, 6*u + 33 = 5*u + i. Let v be u/1*(-3)/12 + 3. What is the highest common factor of v and a?
2
Let q = 2302 - 2227. Calculate the greatest common divisor of 41325 and q.
75
Suppose -o + 1020 = -1200. Suppose r - o = -29*r. Calculate the greatest common divisor of 296 and r.
74
Let i be (4 - (-50)/(-15))/(1/69). Let f = i + -38. Suppose 5*q = 3*c - f*c + 10, 0 = 2*c. Calculate the highest common factor of 2 and q.
2
Suppose 4*j - 9 = 4*c - j, -4*c - j = -21. Let h = -195 + 201. Let n be -4*h*4/(-16). Calculate the greatest common divisor of c and n.
2
Suppose -125*y = -330*y + 166*y + 1092. What is the greatest common divisor of 7 and y?
7
Let b be 2/17 + (-31626)/(-238). What is the greatest common divisor of b and 779?
19
Let z be (-80442)/(-16) - (2227/(-136) + 16). What is the highest common divisor of z and 12?
12
Suppose 1058 = 44*w - 746. Let u be (w/(-6))/(-41) - (-178)/12. Calculate the highest common divisor of u and 30.
15
Let i = 104 + -86. Let w = -1260 + 1266. What is the greatest common divisor of i and w?
6
Let k be (((-532)/42)/19)/((-4)/(-42)). Let l(r) = -r**3 - 5*r**2 - r - 93. Let s be l(k). Let z = -7 + 10. Calculate the highest common factor of s and z.
3
Let g be (6/14)/(1791/321783) + 7. Suppose 6*p = 2*p + 84. What is the greatest common factor of p and g?
21
Suppose -2*j = -343 + 335. Suppose -j*k = -61 - 75. What is the greatest common factor of k and 119?
17
Let r be 11 + 377/(-39) - 1300/3. Let j be (-4656)/r - 4/(-18). What is the highest common factor of 451 and j?
11
Let r(l) = -190*l - 31646. Let u be r(-167). Suppose 0 = -3*b + 4*s + 1264, 3*b + b = -s + 1679. What is the greatest common factor of u and b?
84
Let y be (-11874)/4*40/(-15). Calculate the greatest common divisor of y and 8.
4
Let u be 8/6 + 42/63. Let z = -47 - -129. Calculate the greatest common factor of z and u.
2
Let g(y) = 3*y**2 + 5*y + 152. Let i be g(-11). Calculate the greatest common divisor of 220 and i.
20
Suppose 80*b - 10313 = -3513. Calculate the greatest common factor of 646 and b.
17
Let f = -1576 - -1596. Suppose -1855 + 295 = -f*m. Let l be (-22)/(-4) + 2/4. Calculate the greatest common divisor of l and m.
6
Let j = -1070 + 1688. Calculate the greatest common factor of j and 2.
2
Let u be 1545 - (-11 - -22) - (5 - 0). Calculate the greatest common factor of u and 55.
11
Suppose p - 800 = -7*b + 2*b, -5 = -p. Let m = b + -114. Calculate the highest common divisor of m and 45.
45
Suppose 194 = 58*w - 56*w + 2*k, -409 = -4*w + 3*k. Calculate the greatest common divisor of w and 260.
20
Suppose -3*i + 4*i = 23. Suppose -5*v - 6 + 86 = -4*p, -65 = 3*p - 5*v. Let s be 2/(-5) - (3801/p + 0). Calculate the greatest common factor of i and s.
23
Let o be (-3)/3*(17 + -17 + (-175 - 2)). What is the highest common divisor of o and 8614?
59
Let p(w) = 2*w - 4*w + 4 + 4. Let h be p(-6). Suppose -259 + 357 = -29*t + 243. Calculate the greatest common factor of h and t.
5
Let f(r) = 318*r. Let g be f(2). Let d(y) = y**3 + 6*y**2 - 30*y - 15. Let w be d(-9). Calculate the highest common factor of w and g.
12
Let x = -3271 + 3322. What is the highest common divisor of 425 and x?
17
Let n be 300/(-24)*-2 + 12. Calculate the greatest common factor of 518 and n.
37
Let n(q) = -34*q + 69. Let z be n(13). Let h be (-50)/(-125) + z/(-5). What is the highest common factor of h and 25?
25
Suppose -6*g - 38 = -458. Let q = 42 + g. Let m = 31 + -3. What is the greatest common factor of q and m?
28
Suppose c - 195 = -4*h, -8*h - 147 = -11*h - c. Let q be (-39)/52*5/((-5)/h). Calculate the highest common divisor of 144 and q.
36
Let l be (-2)/(0 + -6 + 4). Let z be (l/2)/((-10)/(-940)). Suppose -3*t = -w - z, 4*t + 5*w = 37 + 51. What is the greatest common divisor of 153 and t?
17
Let s = 4 - -16. Let z = -39915 - -39935. What is the highest common factor of z and s?
20
Let z = 92 + -89. Suppose 5*t = 5*c, -3*c + z = -t - 3. Suppose -15 = -i + w, -9 = -i + t*w - 0*w. Calculate the greatest common factor of i and 54.
18
Let y be (648/44)/6 + (-6)/(-11). Let i be (4/(-10))/((-1)/(-5)). Let h be 16 - (y + i) - 0. Calculate the greatest common factor of h and 3.
3
Let g(d) be the first derivative of d**4/2 - 17*d**3/3 + 5*d**2 - 41. Let y be g(8). What is the greatest common factor of y and 176?
16
Let a be (8/10)/(414/1035). What is the greatest common factor of a and 2076?
2
Let i(c) = -212*c + 396. Let d be i(-12). Calculate the greatest common divisor of d and 24.
12
Let p be (1 + 0)*7968/(8 + 4). Calculate the highest common factor of p and 16.
8
Let s(t) = 7*t + 5 - 1 + 7*t. Let v = -136 - -140. Let d be s(v). What is the highest common factor of d and 36?
12
Let c(n) = n**3 + 42*n**2 + 250*n + 4. Let v be c(-12). Calculate the highest common factor of 68 and v.
4
Suppose 0*q + 288 = 4*q. Let i be 1 - -2*(11 - 3). Let g(p) = -3*p + 59. Let x be g(i). What is the highest common factor of q and x?
8
Suppose 0 = 76*a - 71*a - 6195. What is the greatest common divisor of a and 168?
21
Let v = -799 + 804. Suppose -v*g = 0, 11*m - 5*g = 6*m + 2275. What is the highest common factor of m and 26?
13
Suppose 2*i + 5*l - 9 = 161, 0 = -30*i - l + 2106. Calculate the highest common divisor of 45 and i.
5
Suppose -50*x + 5282 - 443 + 4111 = 0. What is the greatest common factor of x and 7697?
179
Suppose -8*i + 16*i - 176 = 0. Suppose -i*t = -20*t - 1034. What is the highest common factor of t and 11?
11
Suppose -76*i + 672815 = -111353. Calculate the highest common factor of i and 154.
154
Let h be (15/(-6))/((-5)/10). Suppose 0 = -3*t + 3*a - 2*a + 50, 0 = 3*t + h*a - 20. Suppose u = -0*u + t. What is the greatest common divisor of 120 and u?
15
Let d = 586 + -581. Suppose -14*n + 10*n - r = -3004, d*n - 4*r = 3734. What is the greatest common divisor of 30 and n?
30
Let i be (-5432)/(-34) + (-1212)/(-5151). Calculate the greatest common divisor of i and 16.
16
Suppose y + h = 330, 5*h = 5*y - 760 - 910. Calculate the greatest common divisor of y and 12.
4
Let m(x) = 2*x**2 - 81*x - 825. Let y be m(-9). Let u be 22 - 0*3/(-9). What is the highest common factor of y and u?
22
Suppose 0 = 5*q + l - 524, -4*q + 2*l = -325 - 97. Let o = q + -73. What is the greatest common divisor of 176 and o?
16
Suppose x - 46 - 28 = 4*r, 2*r = -2*x + 148. What is the highest common divisor of 9694 and x?
74
Suppose 7*k + 1976 = -k. Let m = 310 + k. Calculate the greatest common divisor of 9 and m.
9
Let m(w) = -w**2 + 7*w - 5. Let h(c) = 2*c**2 + 28*c + 31. Let u be h(-13). Let p be m(u). Calculate the greatest common divisor of 5 and p.
5
Suppose 159*u - 2*z = 164*u - 65, 13 = u - 2*z. Suppose 0*q + q = -v + 52, q = 4*v + 52. Calculate the highest common divisor of q and u.
13
Suppose -3*c + i + 69 = 3, -3*c + 2*i + 66 = 0. Suppose c*g = 14*g + 5952. Suppose -204 + g = 9*a. Calculate the highest common divisor of 20 and a.
20
Let x = 1278 + -894. Let z be ((-6)/(-4))/(-3)*-192. Suppose 5*n = 7*n - z. What is the highest common divisor of x and n?
48
Let b(g) be the first derivative of 4*g**3 - g**2/2 - g - 3. Let o be ((-9)/(-6))/(11/22). Let i be b(o). Calculate the highest common divisor of i and 13.
13
Suppose -2*d + 5 = 3*b, 43 = 2*d -